ose 2*z + 15 = 5*z. Suppose 8 = b - 3*f, 3*b - 8*b + z*f + 30 = 0. Let q(h) be the third derivative of -h**4/24 + 7*h**3/6 - h**2. Give q(b).
2
Let h(b) be the second derivative of 0 + 1/4*b**4 + 0*b**2 + 1/2*b**3 + b. Let n = -15 + 13. Give h(n).
6
Let t(p) be the first derivative of -p**3/3 + p**2 + 3*p + 9. What is t(4)?
-5
Let w(q) = 4*q**3 + 7*q**2 + 2*q + 5. Let k(t) = -2*t**3 - 3*t**2 - t - 2. Let a(h) = 7*k(h) + 3*w(h). Calculate a(1).
-2
Let y(l) = l**3 - 5*l**2 + l - 5. Let z be y(5). Suppose 0 = 3*m + m - 8. Let o(j) = 2 + 8 - 2 - j**m. Calculate o(z).
8
Let b = 7 - 4. Suppose 0 = 2*h + b*h - 2*u - 17, -2*h + 4 = 2*u. Let q(i) = -4*i + 4. Calculate q(h).
-8
Let t(d) = 2*d**3 - d**2 - 2*d - 1. Let r(g) = -g**2 - 6*g - 10. Let s be r(-3). What is t(s)?
-2
Suppose 3*i - l - 5 = 0, -l = 2*i - 10 - 0. Let m = 0 + i. Let n(b) = 7*b**2 - b - b**3 - 1 - 3*b**2 - 2. Determine n(m).
3
Let v(s) = 3*s**2 + s + s**3 + 0*s + 4 - 3*s + 0. Let j = -5 + 2. Calculate v(j).
10
Let o(i) be the first derivative of -i**4/24 + 2*i**3/3 - i**2/2 - 2. Let m(k) be the second derivative of o(k). Let u = 6 + -1. Determine m(u).
-1
Let c(r) = 2*r - 4. Suppose 2*o + 5 + 14 = -5*x, 0 = 3*x + 15. Give c(o).
2
Let i(q) = 3*q**2 - 5*q + 3. Let v(z) = 5*z**2 - 10*z + 7. Let s(u) = -7*i(u) + 4*v(u). Give s(-6).
1
Let c(b) be the third derivative of 0*b - 1/60*b**5 + 1/6*b**4 + 2/3*b**3 + 0 + b**2. What is c(6)?
-8
Let k be 108/(-26) - (-14)/91. Suppose -4*n - 3*l = -6*l - 32, -4*n + 24 = -l. Let w(v) = -5 + n*v + 11 - 3*v. Give w(k).
-2
Let s(d) = 2*d**3 + 4*d**2 + 4*d - 1. Let m(u) = -u. Let k(c) = 2*m(c) + s(c). Determine k(-2).
-5
Let q = 0 - 0. Let w(n) = -n + 2. Let f be w(q). Let l(r) = r**3 - r**f + 1 + 0*r**3 + 0. What is l(2)?
5
Let o(a) = a**2 - 7*a + 3. Let m(v) = 8*v**2 - v. Let j be m(1). Let n be o(j). Let d(w) = -2*w - 2. Give d(n).
-8
Let w be (-3)/(24/2)*(-22 - -2). Let b(s) = s**2 - 6*s + 7. Determine b(w).
2
Let j = 35 - 42. Let v(t) = -t**2 - 9*t - 9. Determine v(j).
5
Suppose 5*j - 3*j - 14 = t, 5*t + 3*j + 44 = 0. Let n = -6 - t. Let k(o) = -2*o - 4 + 4 + 6. Calculate k(n).
-2
Let v = -1 + 0. Let c(r) = 12*r + 4. Let f(p) = 12*p + 5. Let g(h) = 4*c(h) - 3*f(h). What is g(v)?
-11
Let o(n) = -n**3 + 4*n**2 + 7*n - 7. Let v be o(5). Suppose 33 = 6*p - 2*p + 5*c, -v*c + 9 = -3*p. Let k be 0 - 0 - 0 - p. Let j(t) = -2*t - 2. Calculate j(k).
2
Suppose -y - 15 = -6*y. Suppose y*q = 2*q + 3. Suppose -5 = -2*r + q*r. Let k(z) = -z**2 - 4*z + 1. Calculate k(r).
-4
Let o(c) = c**3 + c - 6. Let d be o(0). Let g be (13 + -7)/(2/2). Let y(h) = -g + 10*h + 1 + 3 - 11*h. Calculate y(d).
4
Let f(o) = o**3 - 7*o**2 + 7*o - 2. Suppose -2*s + 17 - 3 = -4*d, 4*s + 2 = 2*d. Let g = 11 + d. Calculate f(g).
4
Let v(p) = 2*p - 13. Let m(w) = -3*w + 19. Let r(f) = -5*m(f) - 7*v(f). Determine r(2).
-2
Let q be 3/6 - 1 - (-5)/2. Let h = 1 - -2. Let r(p) = -5*p**3 + p**2 + 3*p - 2 - p + 4*p**h. Give r(q).
-2
Let u = -4 - -20. Suppose -3*g + v = 5*v - u, 2*g = -v + 4. Let s(b) = -b**2 - b + 1. Give s(g).
1
Let d(y) be the first derivative of -5*y**3/3 + y + 1. Suppose -90 = 5*t - 85. What is d(t)?
-4
Let n(y) be the first derivative of y**3/3 - y**2/2 + y + 4. Determine n(4).
13
Let v = -21 + 1. Let n be (-4)/(-10) + 168/v. Let g(o) = -o - 7. Let d(z) = z + 11. Let f(r) = n*g(r) - 5*d(r). Give f(2).
7
Let t(b) be the third derivative of b**5/60 + b**4/3 + 5*b**3/6 - 3*b**2. What is t(-5)?
-10
Let f(y) be the third derivative of 1/120*y**6 - 1/6*y**3 + y**2 + 1/40*y**5 + 0*y + 0 + 1/12*y**4. Let x(m) be the first derivative of f(m). Calculate x(-2).
8
Let u(w) be the first derivative of w**4/4 - 10*w**3/3 - 5*w**2 - 9*w - 50. Give u(11).
2
Let x(g) = -2*g - 1 + 4*g + 2*g - 3*g. Let a be x(3). Suppose -a*i + i + 1 = 0. Let r(j) = 3*j**3 + 2*j**2 - 1. Give r(i).
4
Let h(x) = x**2 - 3*x - 5. Let j be 116/(-10) + 6/(-15). Let o = 17 + j. Give h(o).
5
Let t = -3 + 1. Let x be -2*t/10*-10. Let w(r) = 3*r - 3 + 15*r**2 - 2 - 14*r**2. Give w(x).
-1
Let v(f) = 9*f**3 + 2*f**2 + f. Let p = 16 - 7. Suppose 4*i + m + 4 = 0, -p + 4 = 5*i - 5*m. Determine v(i).
-8
Let p(g) = -1. Suppose -1 = -5*k - 3*x - 15, 3*x = -4*k - 13. Let f(j) = 6*j**2 - j + 5. Let d(h) = k*f(h) - 5*p(h). Determine d(1).
-5
Let k(l) = 3*l + 3. Let h(y) = y**3 + 4*y**2 - 8*y - 7. Let n be h(-5). Let z(s) = -5*s - 5. Let a(m) = n*k(m) + 5*z(m). Determine a(-1).
0
Let y(o) = 20*o**3 - 1 - 7*o**3 + 2 - 6*o - 5*o**2 - 12*o**3. Determine y(6).
1
Let n(x) = 8*x - 3*x - 3*x - x. What is n(-6)?
-6
Suppose 5*l - 5*u + 5 = 0, -l - 4*u = -0*u + 11. Let i be ((-2)/(-2))/(l/9). Let c(b) = b**2 + 4*b + 3. What is c(i)?
0
Let q = 12 - 8. Let o(f) = -f**2 + 4*f + 2. Give o(q).
2
Let u(b) = -b**2 - 3*b**2 - 46*b**3 - 3 - 5*b + 47*b**3. Determine u(5).
-3
Let f(x) = 8*x**3 + x + 1. Let d(q) = 15*q**3 + 2*q + 2. Let c(u) = -3*d(u) + 5*f(u). What is c(-1)?
5
Let j(k) = -k**3 + 2*k**2 + k - 1. Suppose -4*s = s + 2*t - 6, -t = -5*s + 12. Give j(s).
1
Let o(m) be the second derivative of m**3/6 - m. Suppose 5*p + 2*l - 34 = 1, -3*p + 5 = -2*l. Suppose -p*s = -16 - 9. Give o(s).
5
Let r(l) = -l**3 - 6*l**2 - 2*l - 7. Let b = 15 + -10. Suppose 84 = 4*y + 5*k, b*k = 3*y + 5 - 33. Let x = 10 - y. Calculate r(x).
5
Let p be (-60)/(-14) + 20/(-70). Let y = p - 7. Let s(g) = g - 1. Calculate s(y).
-4
Let o(y) = 16*y**3 + 5*y**2 - 14*y + 8. Let i(h) = -4*h**3 - h**2 + 3*h - 2. Let r(z) = -9*i(z) - 2*o(z). What is r(2)?
32
Let d(w) = -w**3 - 5*w**2 - 4*w + 1. Suppose -14*f = -9*f + 50. Suppose -4*b = -2*c + 10, -5*b = -5*c + 33 - 3. Let v = f + c. Calculate d(v).
-5
Suppose h = -0*h + 15. Suppose -5*i + 3*q - 8*q - h = 0, -3*q = 5*i + 5. Let a(m) = 3*m + 0*m - 1 + 0 + m**i. Give a(-3).
-1
Let v(i) = -6*i**2 + 9*i. Let h(a) be the second derivative of 7*a**4/12 - 5*a**3/3 + a. Let x(s) = -5*h(s) - 6*v(s). Give x(4).
0
Let n(m) be the second derivative of m**4/12 + 2*m**3/3 - 2*m**2 - 9*m. Calculate n(-4).
-4
Let u(m) be the second derivative of -m**3/6 - m**2/2 - 10*m. What is u(-3)?
2
Let v(x) = -4 - 3 + x + 0*x + 4. Let j be ((-1)/2*-6)/1. Give v(j).
0
Let l(p) = 3*p + 3. Let t(m) = -9*m - 10. Let o(h) = -14*l(h) - 4*t(h). Calculate o(2).
-14
Suppose 4*k + 58 = 5*g - 0*k, g = k + 11. Suppose g - 2 = -4*p. Let d(f) = -2*f + 1. Give d(p).
7
Let g(u) = 4*u - u**2 + 4 + 0 - 3*u. Suppose -31 = -5*r + 3*f, -r - 2*f + 6*f = 4. Suppose -2 + r = -2*n. What is g(n)?
-8
Let n(a) = 0*a**2 - 2*a**2 + 2*a + a**2. Let d(o) be the third derivative of -o**6/40 + o**4/24 + o**2. Let f be d(-1). Give n(f).
0
Let j(x) = -x**3 - 3*x**2 + 1. Let u be (55/15 - 5)/((-2)/(-3)). Calculate j(u).
-3
Let h(y) be the third derivative of -y**4/6 - y**3/2 + 9*y**2. What is h(4)?
-19
Let c be 1/(-3)*1*-3. Let d(s) = 246 + s - 245 - 2*s - 2*s**2. Give d(c).
-2
Let k(h) = -h**3 - h**2 + h + 3. Suppose -3*c + 2 = 14. Let p be (-2)/c*-6 - -3. What is k(p)?
3
Suppose 4*r = -3 + 7. Let a be (2 + -1)/(r/4). Let b(f) = 3*f + 10. Let c(u) = -4*u - 15. Let h(k) = -7*b(k) - 5*c(k). Calculate h(a).
1
Let q(i) = -2*i**2 + 13*i - 2. Let h be q(6). Suppose 0 = -4*x + 2 + 10, h*r = -2*x + 34. Let d(j) = j**2 - 6*j - 10. Determine d(r).
-3
Let y(p) = -p**3 - p**2 + 9. Let k be y(0). Let a = k - 0. Suppose 5*t + 0*u = -2*u - a, 0 = -2*t + u. Let c(l) = -6*l**3 + l**2 + 2*l + 1. Determine c(t).
6
Let x(z) = -z**3 + 6*z**2 + z - 7. Let i be x(6). Let s(g) = -11*g. Give s(i).
11
Let p be 6*(-2)/(-3) - (9 + -5). Let v(o) be the second derivative of 1/12*o**4 + p - 1/2*o**2 - 1/20*o**5 - 2*o - 1/6*o**3. What is v(2)?
-7
Let w(y) be the third derivative of -1/6*y**3 + 0 + 1/12*y**4 + y**2 + 0*y. Calculate w(5).
9
Let t(c) = -14*c**3 + c**2. Let n = 8 + -9. Let v be t(n). Suppose 3*q + v = 6*q. Let x(o) = o - 3. Give x(q).
2
Let f = -16 - -14. Let o be (5 + -2)*(0 + 1). Let b(h) = h - o + 2 + 2*h**2 + 1. What is b(f)?
6
Let s(z) = -z + 4. Let c be s(4). Let u(v) = v**3 - v + 8. Give u(c).
8
Suppose u - r = 6, 3*u + 2*r - 6*r = 23. Let i(t) = 2*t - 2*t + t - u. Determine i(0).
-1
Let d(o) = o**2 + o - 2. Let f be 2/((-3)/(-12)*4). What is d(f)?
4
Let z(o) = 2*o - 13. Let f(n) = n - 18 - 2 + 2*n + 0. Let m(x) = 5*f(x) - 8*z(x). Calculate m(6).
-2
Let f(o) = -27 + 2*o**2 + 21 + 0*o**3 - 5*o + o**3 + o**